{"id":3219,"date":"2025-08-12T14:59:02","date_gmt":"2025-08-12T14:59:02","guid":{"rendered":"https:\/\/deutsch-alban.growdevs.com\/?post_type=staff&#038;p=3219"},"modified":"2025-08-12T14:59:03","modified_gmt":"2025-08-12T14:59:03","slug":"hendrik-schaefer-2","status":"publish","type":"staff","link":"https:\/\/deutsch-albanische-schule.al\/de\/stafi-yne\/hendrik-schaefer-2\/","title":{"rendered":"Hendrik Schaefer"},"content":{"rendered":"<p>Als geb\u00fcrtiger Th\u00fcringer habe ich Romanistik studiert und Deutsch als Fremdsprache an der Friedrich-Schiller-Universit\u00e4t Jena studiert. Bevor ich als Fachberater f\u00fcr Albanien sowie als Deutschlehrer an der deutsch-albanischen Schule t\u00e4tig war, arbeitete ich f\u00fcnf Jahre am Col\u00e9gio Cruzeiro Jacarepagu\u00e1 in Rio de Janeiro, Brasilien, und acht Jahre an der Walter-Gropius-Schule in Erfurt als Lehrer f\u00fcr Deutsch als Zweitsprache sowie als DSD-Pr\u00fcfer in allen Formaten. Neben meinen Koordinationsaufgaben freue ich mich, Sch\u00fclerinnen und Sch\u00fcler f\u00fcr den interkulturellen Austausch zu begeistern und ihre sprachlichen Kompetenzen im Deutschen gezielt zu f\u00f6rdern.<\/p>","protected":false},"featured_media":396,"template":"","meta":{"_acf_changed":true,"inline_featured_image":false},"role":[7],"class_list":["post-3219","staff","type-staff","status-publish","has-post-thumbnail","hentry","role-drejtor-i-departamentit-gjerman"],"acf":[],"_links":{"self":[{"href":"https:\/\/deutsch-albanische-schule.al\/de\/wp-json\/wp\/v2\/staff\/3219","targetHints":{"allow":["GET"]}}],"collection":[{"href":"https:\/\/deutsch-albanische-schule.al\/de\/wp-json\/wp\/v2\/staff"}],"about":[{"href":"https:\/\/deutsch-albanische-schule.al\/de\/wp-json\/wp\/v2\/types\/staff"}],"wp:featuredmedia":[{"embeddable":true,"href":"https:\/\/deutsch-albanische-schule.al\/de\/wp-json\/wp\/v2\/media\/396"}],"wp:attachment":[{"href":"https:\/\/deutsch-albanische-schule.al\/de\/wp-json\/wp\/v2\/media?parent=3219"}],"wp:term":[{"taxonomy":"role","embeddable":true,"href":"https:\/\/deutsch-albanische-schule.al\/de\/wp-json\/wp\/v2\/role?post=3219"}],"curies":[{"name":"wp","href":"https:\/\/api.w.org\/{rel}","templated":true}]}}

<p>Als gebürtiger Thüringer habe ich Romanistik studiert und Deutsch als Fremdsprache an der Friedrich-Schiller-Universität Jena studiert. Bevor ich als Fachberater für Albanien sowie als Deutschlehrer an der deutsch-albanischen Schule tätig war, arbeitete ich fünf Jahre am Colégio Cruzeiro Jacarepaguá in Rio de Janeiro, Brasilien, und acht Jahre an der Walter-Gropius-Schule in Erfurt als Lehrer für Deutsch als Zweitsprache sowie als DSD-Prüfer in allen Formaten. Neben meinen Koordinationsaufgaben freue ich mich, Schülerinnen und Schüler für den interkulturellen Austausch zu begeistern und ihre sprachlichen Kompetenzen im Deutschen gezielt zu fördern.</p>
