{"id":3151,"date":"2025-08-12T12:07:28","date_gmt":"2025-08-12T12:07:28","guid":{"rendered":"https:\/\/deutsch-alban.growdevs.com\/?post_type=staff&#038;p=3151"},"modified":"2025-08-12T12:07:29","modified_gmt":"2025-08-12T12:07:29","slug":"beko-vreka","status":"publish","type":"staff","link":"https:\/\/deutsch-albanische-schule.al\/de\/stafi-yne\/beko-vreka\/","title":{"rendered":"Beko Vreka"},"content":{"rendered":"<p>Hallo! Mein Name ist Beko Vreka. Ich bin in Tepelena geboren und aufgewachsen. Mein Studium absolvierte ich an der Universit\u00e4t Tirana, Fakult\u00e4t f\u00fcr Geschichte und Philologie, wo ich von 2012 bis 2017 Geschichte studierte und anschlie\u00dfend einen Bachelor- und einen Masterabschluss erwarb. Von 2014 bis 2015 absolvierte ich ein Praktikum am Institut \u201eRamazan Kabashi\u201c mit Unterst\u00fctzung des Ministeriums f\u00fcr Bildung und Sport. Kurzzeitig war ich als Personalreferent im Regionalkrankenhaus Tepelena t\u00e4tig. 2016 war ich Mitglied des Organisationsteams des Internationalen Symposiums \u201eTag der Erinnerung\u201c und 2017 des Balkan-Symposiums \u201eSami Frash\u00ebri\u201c. Seit 2018 gebe ich Nachhilfe f\u00fcr Grundsch\u00fcler. Ich gehe auf die unterschiedlichen Bed\u00fcrfnisse der Sch\u00fcler ein und bin seit meinem ersten Studientag mit Leidenschaft Lehrer. Der Wunsch, zu arbeiten und den Sch\u00fclern mehr von mir selbst zu geben, wird mich jeden Tag meiner Arbeit begleiten.<\/p>","protected":false},"featured_media":3152,"template":"","meta":{"_acf_changed":true,"inline_featured_image":false},"role":[10],"class_list":["post-3151","staff","type-staff","status-publish","has-post-thumbnail","hentry","role-stafi-i-mesuesve"],"acf":[],"_links":{"self":[{"href":"https:\/\/deutsch-albanische-schule.al\/de\/wp-json\/wp\/v2\/staff\/3151","targetHints":{"allow":["GET"]}}],"collection":[{"href":"https:\/\/deutsch-albanische-schule.al\/de\/wp-json\/wp\/v2\/staff"}],"about":[{"href":"https:\/\/deutsch-albanische-schule.al\/de\/wp-json\/wp\/v2\/types\/staff"}],"wp:featuredmedia":[{"embeddable":true,"href":"https:\/\/deutsch-albanische-schule.al\/de\/wp-json\/wp\/v2\/media\/3152"}],"wp:attachment":[{"href":"https:\/\/deutsch-albanische-schule.al\/de\/wp-json\/wp\/v2\/media?parent=3151"}],"wp:term":[{"taxonomy":"role","embeddable":true,"href":"https:\/\/deutsch-albanische-schule.al\/de\/wp-json\/wp\/v2\/role?post=3151"}],"curies":[{"name":"wp","href":"https:\/\/api.w.org\/{rel}","templated":true}]}}

<p>Hallo! Mein Name ist Beko Vreka. Ich bin in Tepelena geboren und aufgewachsen. Mein Studium absolvierte ich an der Universität Tirana, Fakultät für Geschichte und Philologie, wo ich von 2012 bis 2017 Geschichte studierte und anschließend einen Bachelor- und einen Masterabschluss erwarb. Von 2014 bis 2015 absolvierte ich ein Praktikum am Institut „Ramazan Kabashi“ mit Unterstützung des Ministeriums für Bildung und Sport. Kurzzeitig war ich als Personalreferent im Regionalkrankenhaus Tepelena tätig. 2016 war ich Mitglied des Organisationsteams des Internationalen Symposiums „Tag der Erinnerung“ und 2017 des Balkan-Symposiums „Sami Frashëri“. Seit 2018 gebe ich Nachhilfe für Grundschüler. Ich gehe auf die unterschiedlichen Bedürfnisse der Schüler ein und bin seit meinem ersten Studientag mit Leidenschaft Lehrer. Der Wunsch, zu arbeiten und den Schülern mehr von mir selbst zu geben, wird mich jeden Tag meiner Arbeit begleiten.</p>
